inder when 132 is divided by 17.
13
Calculate the remainder when 29 is divided by 6.
5
What is the remainder when 1098 is divided by 16?
10
What is the remainder when 183 is divided by 47?
42
What is the remainder when 2139 is divided by 29?
22
Calculate the remainder when 321 is divided by 108.
105
Calculate the remainder when 1314 is divided by 19.
3
What is the remainder when 24 is divided by 7?
3
What is the remainder when 267 is divided by 21?
15
What is the remainder when 150 is divided by 39?
33
What is the remainder when 311 is divided by 53?
46
Calculate the remainder when 457 is divided by 149.
10
What is the remainder when 151 is divided by 81?
70
What is the remainder when 334 is divided by 16?
14
What is the remainder when 7447 is divided by 19?
18
Calculate the remainder when 448 is divided by 116.
100
What is the remainder when 10 is divided by 3?
1
Calculate the remainder when 568 is divided by 25.
18
What is the remainder when 247 is divided by 214?
33
What is the remainder when 145 is divided by 47?
4
What is the remainder when 13 is divided by 6?
1
What is the remainder when 555 is divided by 94?
85
What is the remainder when 339 is divided by 19?
16
Calculate the remainder when 743 is divided by 52.
15
Calculate the remainder when 419 is divided by 7.
6
What is the remainder when 983 is divided by 240?
23
What is the remainder when 844 is divided by 34?
28
What is the remainder when 4245 is divided by 112?
101
What is the remainder when 11 is divided by 2?
1
Calculate the remainder when 995 is divided by 37.
33
Calculate the remainder when 100 is divided by 7.
2
What is the remainder when 100 is divided by 13?
9
Calculate the remainder when 1345 is divided by 71.
67
Calculate the remainder when 4657 is divided by 310.
7
What is the remainder when 1637 is divided by 7?
6
Calculate the remainder when 139 is divided by 31.
15
Calculate the remainder when 275 is divided by 179.
96
What is the remainder when 779 is divided by 110?
9
What is the remainder when 20 is divided by 11?
9
Calculate the remainder when 310 is divided by 6.
4
What is the remainder when 292 is divided by 49?
47
What is the remainder when 132 is divided by 35?
27
What is the remainder when 163 is divided by 52?
7
Calculate the remainder when 878 is divided by 16.
14
What is the remainder when 286 is divided by 37?
27
Calculate the remainder when 1119 is divided by 70.
69
Calculate the remainder when 63121 is divided by 53.
51
What is the remainder when 2578 is divided by 162?
148
Calculate the remainder when 185 is divided by 153.
32
Calculate the remainder when 61086 is divided by 166.
164
What is the remainder when 13 is divided by 10?
3
What is the remainder when 92 is divided by 12?
8
Calculate the remainder when 104 is divided by 15.
14
What is the remainder when 21760 is divided by 13?
11
Calculate the remainder when 56 is divided by 18.
2
Calculate the remainder when 349 is divided by 112.
13
Calculate the remainder when 124 is divided by 35.
19
Calculate the remainder when 1360 is divided by 11.
7
Calculate the remainder when 515 is divided by 5.
0
Calculate the remainder when 1622 is divided by 237.
200
What is the remainder when 18628 is divided by 6207?
7
What is the remainder when 204 is divided by 57?
33
What is the remainder when 1465 is divided by 292?
5
Calculate the remainder when 217 is divided by 72.
1
Calculate the remainder when 550 is divided by 12.
10
What is the remainder when 64 is divided by 38?
26
Calculate the remainder when 263 is divided by 44.
43
Calculate the remainder when 413 is divided by 80.
13
What is the remainder when 4723 is divided by 139?
136
Calculate the remainder when 358 is divided by 81.
34
Calculate the remainder when 58 is divided by 15.
13
Calculate the remainder when 331 is divided by 14.
9
What is the remainder when 460 is divided by 66?
64
Calculate the remainder when 261 is divided by 77.
30
Calculate the remainder when 1168 is divided by 284.
32
Calculate the remainder when 157 is divided by 74.
9
What is the remainder when 322 is divided by 169?
153
What is the remainder when 96 is divided by 8?
0
What is the remainder when 663 is divided by 89?
40
What is the remainder when 596 is divided by 29?
16
Calculate the remainder when 44 is divided by 24.
20
What is the remainder when 713 is divided by 139?
18
Calculate the remainder when 110 is divided by 28.
26
What is the remainder when 71 is divided by 5?
1
Calculate the remainder when 286 is divided by 29.
25
What is the remainder when 70 is divided by 36?
34
Calculate the remainder when 94 is divided by 48.
46
Calculate the remainder when 15685 is divided by 27.
25
Calculate the remainder when 230 is divided by 59.
53
Calculate the remainder when 943 is divided by 40.
23
Calculate the remainder when 807 is divided by 31.
1
Calculate the remainder when 41 is divided by 37.
4
Calculate the remainder when 344 is divided by 340.
4
What is the remainder when 1651 is divided by 7?
6
What is the remainder when 33 is divided by 12?
9
What is the remainder when 266 is divided by 41?
20
Calculate the remainder when 1254 is divided by 160.
134
Calculate the remainder when 152 is divided by 119.
33
Calculate the remainder when 110 is divided by 46.
18
What is the remainder when 2274 is divided by 33?
30
What is the remainder when 28 is divided by 2?
0
What is the remainder when 1722 is divided by 119?
56
What is the remainder when 85 is divided by 18?
13
Calculate the remainder when 1855 is divided by 64.
63
Calculate the remainder when 328 is divided by 5.
3
What is the remainder when 731 is divided by 148?
139
Calculate the remainder when 119 is divided by 26.
15
Calculate the remainder when 916 is divided by 27.
25
What is the remainder when 222 is divided by 25?
22
What is the remainder when 190 is divided by 16?
14
Calculate the remainder when 279 is divided by 28.
27
Calculate the remainder when 684 is divided by 98.
96
Calculate the remainder when 294 is divided by 59.
58
Calculate the remainder when 672 is divided by 230.
212
Calculate the remainder when 88 is divided by 56.
32
What is the remainder when 26 is divided by 11?
4
What is the remainder when 131 is divided by 77?
54
What is the remainder when 217 is divided by 4?
1
What is the remainder when 178 is divided by 47?
37
Calculate the remainder when 979 is divided by 17.
10
What is the remainder when 142 is divided by 29?
26
Calculate the remainder when 15806 is divided by 51.
47
What is the remainder when 714 is divided by 60?
54
Calculate the remainder when 83 is divided by 73.
10
What is the remainder when 428 is divided by 190?
48
What is the remainder when 52 is divided by 3?
1
What is the remainder when 74 is divided by 31?
12
Calculate the remainder when 824 is divided by 274.
2
What is the remainder when 456 is divided by 58?
50
What is the remainder when 107 is divided by 17?
5
Calculate the remainder when 160 is divided by 43.
31
What is the remainder when 101 is divided by 13?
10
What is the remainder when 701 is divided by 54?
53
What is the remainder when 404 is divided by 196?
12
Calculate the remainder when 240 is divided by 66.
42
What is the remainder when 233 is divided by 30?
23
What is the remainder when 454 is divided by 451?
3
Calculate the remainder when 678 is divided by 103.
60
Calculate the remainder when 270 is divided by 95.
80
Calculate the remainder when 96 is divided by 58.
38
What is the remainder when 62 is divided by 10?
2
What is the remainder when 213 is divided by 47?
25
Calculate the remainder when 1142 is divided by 216.
62
What is the remainder when 181 is divided by 31?
26
What is the remainder when 16 is divided by 9?
7
What is the remainder when 510 is divided by 508?
2
Calculate the remainder when 237 is divided by 14.
13
Calculate the remainder when 2203 is divided by 105.
103
Calculate the remainder when 2454 is divided by 9.
6
Calculate the remainder when 544 is divided by 14.
12
What is the remainder when 617 is divided by 105?
92
What is the remainder when 17 is divided by 6?
5
What is the remainder when 3358 is divided by 56?
54
What is the remainder when 207 is divided by 40?
7
What is the remainder when 463 is divided by 65?
8
What is the remai